 - 6.
-1
What is 5 + (-1 - 5) + 7?
6
What is 13 + -11 + 8 + -2 - 9?
-1
0 + (-1 + (-2 - 1) - -8)
4
6 + (-12 - -11) + 2 + -8
-1
What is (2 - (-2 + 8)) + (5 - 2)?
-1
Calculate 5 + -2 + -7 + 2.
-2
Calculate 8 + -9 + -5 + 10.
4
Evaluate -24 + 29 + (-4 - (-3 - -4)).
0
Calculate (6 - 7 - 3) + (0 - -6).
2
What is -1 + (8 - 4) + -2?
1
(-1 - -2) + -5 + 6
2
What is the value of 0 + -3 - (-1 + -2 - 3)?
3
3 + -1 - (-1 + 1)
2
Evaluate 9 + 2 + (9 - 15 - -6).
11
(1 + 4 + -4 - 4) + -5
-8
What is 13 + (-25 - -6) - (-1 + -2)?
-3
What is the value of -36 + 42 - (2 + 5)?
-1
What is 2 - 0 - (-1 + 3 + 2)?
-2
What is 2 - (-3 - (5 + -14 + 6))?
2
What is the value of 1 - (2 - 2) - 0?
1
(-2 - -7) + -12 - (-3 + 1)
-5
What is the value of (-10 - 1) + (-63 - -67)?
-7
Evaluate 0 - 1 - (-15 - -15).
-1
Evaluate 2 + -4 - -3 - -3.
4
Evaluate -10 + 6 + -5 + 4.
-5
-1 + (-3 + 10 - (-2 - -5))
3
What is the value of -3 + 5 + -4 + 5?
3
Calculate 3 + 2 + -2 + -4.
-1
-2 + (0 - 3 - -3) + 4
2
Calculate (1 - -5) + -1 + (15 - 16).
4
What is (2 - 2) + 6 + -4 + -5?
-3
Calculate (2 + 0 - -8) + -8.
2
What is 4 - (-12 - -1 - -13)?
2
What is the value of (13 - -5 - 15) + 3 + -2?
4
What is the value of -8 - (-5 + 6 + -4)?
-5
Calculate -1 + 6 + -14 + -9 + 13.
-5
What is ((-2 - 0) + -7 - -3) + 0?
-6
What is the value of -10 - (-23 + -6 + 11)?
8
Evaluate 4 - ((2 - (1 - -4)) + 8).
-1
Calculate 0 - -6 - (-1 + 2 + -1).
6
Evaluate -3 - 3 - -11 - 6.
-1
Evaluate -1 - (2 + 1 + (-1 - 2)).
-1
Evaluate -7 + 3 - (-1 + -4 + 5).
-4
9 - (4 + 1) - 0
4
What is (2 - 4 - 2) + 3?
-1
Evaluate -6 + (6 - (1 - 5)).
4
What is 1 - 0 - ((16 - 10) + -3)?
-2
-10 + (9 - (12 - 7))
-6
Evaluate -6 + 0 + 22 + -15 + 5.
6
Evaluate 2 + -3 + 1 - -5.
5
Calculate -1 + 5 + (-4 - (-1 - 1)).
2
What is (1 - 4) + -4 + -9 + 17?
1
(-7 - (-1 + -3)) + 5
2
What is -9 + 12 + 1 + 1?
5
Evaluate 7 - (-8 - -9 - -1).
5
Evaluate (18 - 21) + 3 + 0.
0
What is the value of (18 - (1 + 4)) + -16?
-3
Calculate -7 + -5 + 8 - (3 + 0).
-7
(8 - 4) + (3 - 7)
0
What is the value of 0 - ((0 - -2) + -3)?
1
Calculate 0 - (-2 + 3) - 6.
-7
Evaluate 86 + -89 - (3 + 0).
-6
Calculate (3 - -6) + (-54 - -46).
1
-8 + 19 + 8 + -11
8
What is the value of 5 + -7 + 4 + (-2 - 6)?
-6
(-3 - -8) + -1 + 0
4
Evaluate 1 + (11 - 6) + -5.
1
What is the value of 2 + (2 - (-1 - -1))?
4
What is the value of -5 - (3 - (4 + -2 + -2))?
-8
What is the value of (3 - 4) + (3 - 2 - 1)?
-1
What is (-1 - 10) + 4 - (1 + -2)?
-6
What is 2 + -4 + (-4 - -5) + 5?
4
What is 6 - (8 + 7) - -1?
-8
What is the value of 5 + -4 + (0 - -2) - 8?
-5
What is 2 - ((1 - (0 - -2)) + 0)?
3
Evaluate (-3 - -5) + (-3 - -6).
5
What is 40 + -31 + 0 + -4?
5
What is (0 - 0) + -2 - 1 - -1?
-2
-3 + 3 + -1 - 2
-3
Calculate ((-4 - 0) + 1 - -6) + 0.
3
Evaluate 1 - (-1 + 1) - (-172 - -167).
6
Calculate -9 + (-2 - -3) + (-4 - -8).
-4
What is the value of -10 + 24 + -6 - 7?
1
What is the value of (2 - 4) + -6 + 4?
-4
What is (-7 + 10 - -3) + 0?
6
Evaluate (-1 - 8 - (5 - 7)) + 2.
-5
Evaluate 4 + 1 + (7 - 2).
10
Calculate 5 + (10 - 8) + -4.
3
What is 9 + 3 - 7 - (2 + -2)?
5
Evaluate 8 + -7 + 5 - (5 + 0).
1
Evaluate -2 - -3 - (-4 - -1) - 5.
-1
What is 6 - (7 - (-2 - (-3 - -8)))?
-8
Calculate 0 + (-4 - 7) + 3.
-8
Evaluate -4 + (7 - 2) + -1 + 1.
1
What is -1 + (6 + -9 - 1)?
-5
-5 + (-12 - -8) - -1
-8
Evaluate 5 - (3 + -2 - -6).
-2
Evaluate -2 - -6 - (-4 + 5).
3
6 - 5 - (14 - 11)
-2
What is (5 - 12) + 1 + 1?
-5
What is 7 - (15 - (2 - 4 - -2))?
-8
3 + (1 - 3 - (7 - 7))
1
(-9 - -5) + 8 - -2
6
(-1 - 2) + (-14 - -6 - -6)
-5
What is 7 + (2 + 0 - 4) + -3?
2
-5 + (8 - 4) + 5 - -1
5
Calculate 7 + -2 + -16 + 16.
5
Evaluate 12 - (7 + -3 - 3 - -5).
6
Calculate (-2 - (-1 - -3)) + 2 - -1.
-1
What is the value of (7 - 2) + (-2 - 3)?
0
What is the value of -1 + -3 - (-1 + 1) - 0?
-4
What is the value of -2 + (-7 - -8) + 4?
3
Calculate (-21 - (-3 + -3)) + 14.
-1
What is 0 + (-3 - -4) - -2?
3
What is the value of 5 + -4 + (-2 - 5 - -3)?
-3
What is (6 + -13 - -7) + -5?
-5
Evaluate 4 + (1 + 0 - -1 - 3).
3
What is -2 - 10 - (-1 - 5)?
-6
What is the value of (4 - 5) + 0 - 5 - -7?
1
What is (-7 - -1) + 19 + -19?
-6
Calculate (6 - 6) + -2 + -1 - -8.
5
What is (2 + -1 - -2) + -5 + -3?
-5
Calculate -3 + -2 + 2 + -2 + 0.
-5
(-5 - (-5 - -2) - -1) + 4
3
What is the value of 25 - (29 - 10) - (1 + -5)?
10
Calculate -1 - -3 - (-6 + (-4 - -5)).
7
What is (0 - 6) + 4 + -1 - 0?
-3
What is the value of (1 + 5 - 23 - -5) + 5?
-7
Evaluate -1 + -10 - (-22 + 16).
-5
What is 2 + -7 + 2 - 1?
-4
Calculate 2 - (0 + (1 - (-2 + 1))).
0
Calculate (-6 - 0) + (10 - -2 - 6).
0
Evaluate -1 + -4 - (2 + -8).
1
-4 - (3 - (2 + 0))
-5
0 + 1 + -4 - (13 + -16)
0
What is the value of (-1 - -1) + -3 + 3 + 2?
2
Calculate (-5 - (-10 + 5 + -2)) + -4.
-2
What is (5 - 7) + 1 - -6?
5
1 - (-4 - -4 - -2)
-1
What is (4 - 2) + -2 + -3 + -6?
-9
Calculate 0 - (-11 + (-8 + 18 - 1)).
2
Calculate 14 + -8 + 1 + 0 + -3.
4
Evaluate (-1 - 3 - -1) + 7 + -2.
2
0 - 3 - ((0 - 0) + -2)
-1
Evaluate 2 + (-4 - 2) - -7.
3
What is -11 + (10 - 0 - 5)?
-6
Calculate (3 - (3 - (0 + -1))) + -3.
-4
(-2 - -2) + 4 + 97 + -93
8
Calculate -4 + -10 + 6 + 10.
2
Calculate -2 - (-10 + -2 + 8).
2
What is -10 + 12 - (-1 + -2 + 1)?
4
0 - (-1 + 9 + -3 - 1)
-4
What is 1 - (-1 + 1) - (97 - 102)?
6
Evaluate -29 - -30 - (0 - 4).
5
Calculate 2 - (2 + -1) - (-2 - -2).
1
Calculate 1 + 0 + -5 - (2 - 5).
-1
What is the value of 7 + 5 + -9 + -3?
0
What is -6 + (4 - (2 - 3)) + -1?
-2
What is the value of 3 + -1 + 1 - 6?
-3
(8 - 1 - 8 - 5) + 5
-1
Calculate 0 + 1 - (17 + -21).
5
-9 + (2 - (-8 - -3)) - 6
-8
What is -8 + (4 + 4 - 2) + -2?
-4
What is (-1 - -4) + -9 + 7?
1
Evaluate 1 - 1 - (13 + (-11 - 5)).
3
What is the value of 44 - 41 - (6 + -1)?
-2
Evaluate 0 + 2 + 1 - (-3 - -12).
-6
-1 + (-1 - (2 + -1) - 0)
-3
Evaluate 0 + (-1 + 1 - (-6 + 5)).
1
What is 0 + 0 - 0 - 3?
-3
Calculate (-25 - -27) + (-7 - -6).
1
Evaluate (-1 - 13) + (139 - 119).
6
-2 + 0 + 2 + 0 + 0
0
Evaluate 3 + -1 - (4 + 0 - -2).
-4
What is (11 - 14 - 0) + 9 + 2?
8
Calculate -1 + -5 - (5 - 12).
1
What is the value of 0 - -2 - (32 - 29)?
-1
4 + 2 + (-8 + 8 - 4)
2
Calculate 0 - (2 - (2 + 1 + 1)).
2
Evaluate -5 - (-7 + 0) - -2 - 5.
-1
What is the value of -7 - (5 - 5) - -6?
-1
(-5 - (1 + (4 - 6))) + -2
-6
1 + 0 + -2 + 4 - 7
-4
What is -3 + -1 + (-2 - -12) + -3?
3
What is 1 + -4 + -3 - (-3 + -1)?
-2
What is (1 - 1) + (-3 - (-7 - -7))?
-3
Calculate -2 - (2 + -2) - (-2 - -3).
-3
What is the value of 9 - 2 - (-6 + 8) - 7?
-2
What is 7 + -1 + -3 - 0?
3
What is -3 + (-1 - -1) - (-4 + 3)?
-2
Evaluate 5 + -9 + (-5 - -9).
0
What is 1 - 5 - (10 + -11 + 0)?
-3
Calculate (-4 - (1 + 0 - 11)) + 1.
7
What is -6 + -5 + 8 + -2?
-5
What is the value of -4 - ((2 - -1) + (-6 - -4))?
-5
What is -1 + (-3 - -3) + -4?
-5
What is (-4 - -2 - 8) + 2 + 5?
-3
What is the value of 1 + 1 - (8 - (4 + 4))?
2
What is 0 + -1 - -5 - 3?
1
What is -3 - (10 + -2 - 18)?
7
What is 11 - 0 - (6 - (6 + -3))?
8
What is the value of 0 - 4 - (-18 - -10) - 2?
2
2 + -4 + 3 + -9 + 6
-2
Calculate 6 - ((6 - 1) + (-2 - 2)).
5
What is (-7 - -1) + -57 + 69 - 0?
6
Calculate -5 + (5 - (0 + 0)).
0
Calculate -3 + 1 - (34 + -28).
-8
What is 5 - 3 - (-3 - -3 - -7)?
-5
-2 - 1 - (2 + -1)
-4
What is the value of 8 - (-11 - (-17 - 2))?
0
-3 - -8 - (-5 - 0 - -5)
5
What is 8 + -4 + -3 - 3?
-2
What is (3 - (0 + 1)) + -19 + 12?
-5
Calculate -1 - (-2 + 0 + 4 + 1).
-4
Evaluate 6 + (-4 - (-11 - -15)).
-2
Evaluate 0 + (4 - 1) + 4 + -3.
4
What is -8 - -4 - (-1 + -9) - 4?
2
Calculate -5 - (-3 - (-5 + 1 - -8)).
2
0 + (1 - (6 + -1))
-4
What is the value of 0 + (-5 - (-9 - -6))?
-2
Calculate 9 + 4 + -18 + 9.
4
(-1 - (4 + (-22 - -7))) + -7
3
What is 2 + (-4 - (0 - 2))?
0
Evaluate (2 - -1) + (14 - 16).
1
What is -21 + 23 - (-3 - (0 - 3))?
2
Evaluate -3 + -1 + 16 + -10.
2
Evaluate -5 - (-1 - (-6 - -4)).
-6
Calculate (2 - 4) + (9 - 10).
-3
Calculate -74 + 64 + 11 + -1.
0
Evaluate 18 + -16 - (-2 + 7).
-3
6 + 2 + 1 + -10 + 4
3
Calculate -12 - -10 - (-2 - -3).
-3
2 - (7 + -1 + 1)
-5
What is the value of -5 + 7 - (3 - -5)?
-6
Calculate 0 - (-4 - (2 + (-2 - 0))).
4
What is the value of 5 - (2 + -3 + -6 - -5)?
7
What is the value of -1 - -8 - (50 + -41)?
-2
Evaluate 4 + -6 + 1 + -3.
-4
7 + (30 + -14 - 12)
11
Calculate -10 - -6 - (1 + 0).
-5
(-9 - -4 - -7) + -1 + -4
-3
-2 - -3 